uppose 0 = 3*n - 4*w - 49 - s, 0 = -5*n - 5*w + 115. Calculate the greatest common divisor of n and 96.
24
Suppose -22*s + 90 = -25*s. Let d be (38/(-6))/(2/s). Calculate the greatest common divisor of 38 and d.
19
Suppose -3*x - 159 + 32 = -4*v, 43 = -x + v. Let o = 80 + x. Let b be 10/2 - 0/2. Calculate the highest common factor of o and b.
5
Let v = 9 - 13. Let j(k) = -k**2 - 5*k + 1. Let p be j(v). Suppose -5*m + 3*d = -m - 176, -5*m + 220 = p*d. Calculate the highest common divisor of 4 and m.
4
Let i = 7 + -5. Suppose i*s = -5*y + 39, -s + 5*y = -21 - 6. Suppose -4*h + 3*h = -s. Calculate the greatest common divisor of 11 and h.
11
Let i be (0 + (-80)/56)/(2/(-14)). What is the highest common factor of 35 and i?
5
Let p be 80/2*(-3)/(-4). Calculate the greatest common factor of p and 12.
6
Suppose 54 = 3*p - 0*p. Calculate the highest common divisor of p and 12.
6
Suppose 0 = -5*q + 90 - 25. Calculate the highest common divisor of q and 13.
13
Let j = 0 + 0. Let i(z) = z**2 + z + 10. Let o be i(j). Let g be (-633)/(-21) - (-3)/(-21). What is the highest common divisor of g and o?
10
Suppose -3*j + 17 = -1. Let u = 2 - j. Let k be (u/(-8))/((-1)/(-24)). Calculate the greatest common factor of k and 12.
12
Suppose t - 2*f - 5 = 0, 4*t - 14 - 1 = 3*f. Suppose -w + 4*i = -t*w - 18, -17 = 3*w + 4*i. Calculate the greatest common divisor of 7 and w.
1
Suppose 5*h = 55 + 320. Let c = -65 + 80. What is the highest common factor of c and h?
15
Suppose 4*y - 58 = -5*c, -3*c - 16 + 52 = 3*y. Calculate the greatest common factor of c and 4.
2
Suppose -z - 233 = -4*l, 0 = 5*l - 2*z + 5*z - 304. Suppose -4*b + 28 = -c - l, -4*c = 2*b - 30. Let r = b + -13. What is the highest common factor of 64 and r?
8
Suppose -7*r = -9*r + 2. What is the greatest common factor of 11 and r?
1
Suppose -4*z = -6*z + 36. Suppose 3*n = -6, -3*d + 5*n + 1 = -3. Let r(u) = 8*u**2 + 3*u + 1. Let y be r(d). What is the highest common divisor of y and z?
9
Let i = -49 - -77. Suppose 2*m = 4*m - 140. What is the highest common factor of m and i?
14
Suppose -2*j + 8 = 0, 2*j = -3*r - r + 4. Let c(u) = 9*u**2 + u + 1. Let y be c(r). Suppose -2*q = -2 - 0. What is the greatest common factor of y and q?
1
Let b(f) = 2*f - 27. Let c be b(18). Let z = 65 + 34. Calculate the highest common divisor of c and z.
9
Suppose -2*u + 2*y = -132, u - 4*u - 3*y = -198. Let a = 161 - u. Calculate the greatest common factor of a and 38.
19
Let c(t) = 6*t + 2. Suppose -l + 4*h + 26 = 4*l, 5*h + 28 = 4*l. Let n be c(l). Calculate the greatest common factor of 126 and n.
14
Suppose 3*m - 4 = -m. Suppose -3*a - m = -4*a. What is the greatest common factor of 2 and a?
1
Let v(x) = 21*x**2 - 9*x + 6. Let s be v(3). What is the highest common divisor of s and 42?
42
Let l = 86 - 51. Calculate the greatest common factor of 14 and l.
7
Let i(g) = -3*g + 4 - 13 + g + g. Let j be i(-11). Suppose j*p - 2*k - 11 = 15, -4*p + k + 61 = 0. Calculate the greatest common factor of p and 80.
16
Suppose -4*p - 3*g - 2*g = -409, -505 = -5*p - 5*g. Calculate the greatest common divisor of p and 12.
12
Suppose 3*v - 30 + 0 = 0. Suppose -4*i + a + 48 = -2*a, -5*i + 55 = -5*a. Calculate the greatest common factor of v and i.
5
Let a(h) = -h**3 - 8*h**2 - 8*h - 7. Let j be a(-7). Let r = j + 3. Suppose y = r + 4. What is the highest common divisor of y and 21?
7
Let c(x) = -1 + 9*x - 2 - 4. Let m be c(8). Suppose 0 = 4*i - m - 43. What is the highest common divisor of 18 and i?
9
Suppose 31*i + 98 = 33*i. Calculate the highest common factor of i and 441.
49
Let j be 750/18 + (-4)/6. Let w = -1 + j. Calculate the highest common factor of w and 8.
8
Let k = 61 - 25. Suppose u - 3*d + 12 = 0, 3*d + d = -2*u + 26. Suppose m - k = -u*m. Calculate the highest common factor of 18 and m.
9
Suppose 3*j + 4*l = 41, 2*l = -l + 15. What is the greatest common factor of j and 35?
7
Let y be 44/10 - 4/10. Suppose -198 = -y*s + s. Calculate the highest common divisor of 11 and s.
11
Let y be 2 + (-4 - -1) + 3. Suppose -5*k = j + y, -j + 2*k - 46 = -4*j. Calculate the greatest common factor of 27 and j.
9
Let f(j) = -2*j - 15. Let b be f(-11). Calculate the highest common divisor of b and 7.
7
Let s(n) = -2*n - 7. Let f(z) = -z - 6. Let w(i) = -6*f(i) + 5*s(i). Let r be w(-1). Suppose 0 = r*l - 18 - 2. What is the greatest common factor of l and 1?
1
Let q be 163/9*2 - (-6)/(-27). What is the highest common factor of 48 and q?
12
Suppose 5 - 23 = -2*h. Let j be -6*((-15)/h + 1). Suppose -j = -4*y, 5*f - 415 = 7*y - 2*y. Calculate the highest common factor of f and 12.
12
Let t(a) = -3 + a**2 + 0 + 0*a**2 - 4*a + 0*a. Let h be t(6). What is the greatest common divisor of 27 and h?
9
Let z be (8 - 6)/((-2)/(-19)) + 3. What is the greatest common divisor of 55 and z?
11
Let c be (-122)/(-15) - (-2)/(-15). What is the highest common factor of c and 28?
4
Suppose 5*r = 20 - 0. Suppose 0 = -5*l + 4*b - 20, 0 = 2*l - 3*b + r*b + 8. Let c be ((-6)/l)/((-1)/(-72)). What is the highest common factor of c and 12?
12
Suppose 2*o = -2, 9*o = -5*z + 4*o + 35. Let i(u) = u**3 - 7*u**2 - 6*u. Let p be i(z). Calculate the highest common divisor of 2 and p.
2
Let t(m) = m**2 + 2*m - 3. Let k be t(7). Let x be (6/4)/(3/k). Calculate the highest common divisor of x and 6.
6
Let c be (-85)/(-25) + 2/(-5). Suppose c*z - 13 = 20. Let d = z + -1. What is the highest common factor of d and 10?
10
Suppose 2*b + 0*t - 22 = -4*t, b + 17 = 5*t. Suppose c + b*c = 56. Suppose 3*z - 377 - 1 = 0. Calculate the greatest common factor of c and z.
14
Let v be (-4)/(-14) - 517/(-77). Calculate the greatest common divisor of 63 and v.
7
Let b(w) = w**3 + 8*w**2 - 10*w + 1. Let q be b(-9). Suppose i + q = 43. What is the highest common factor of i and 22?
11
Suppose 0 = 2*t - 4*t + 10. Let b be ((-2)/((-1)/1))/(15/150). Calculate the greatest common divisor of b and t.
5
Suppose -283 = -5*k - 53. Let d = k + -16. Calculate the greatest common factor of d and 12.
6
Let d(n) = -n**2 - 5*n - 2. Let x be d(-3). Let s = x + -4. Let b be 51/(-6)*(-4 - s). Calculate the greatest common divisor of 17 and b.
17
Let b = 8 + 3. What is the greatest common divisor of b and 11?
11
Let r(g) = g**3 - 8*g**2 - 3*g - 2. Let y be r(9). Suppose 2*b - 22 = y. Let v = b - 23. What is the greatest common divisor of v and 70?
14
Suppose 4*p + 3*i = 16, -4*p - 4*i + 6 + 6 = 0. Calculate the greatest common divisor of p and 35.
7
Suppose -2*w - 5*a = -67, 3*w + 0*a - 143 = a. What is the highest common divisor of 115 and w?
23
Let c(x) = x**2 + 5*x - 4. Let g be c(-6). Suppose -41 = -2*u - 5. Calculate the highest common divisor of u and g.
2
Let k = 59 + -46. Calculate the greatest common divisor of 39 and k.
13
Let l = 37 + -23. What is the highest common factor of l and 56?
14
Let g(o) = o**3 - 7*o**2 + 7*o - 5. Let l be g(6). Let f = l + 1. Suppose 0 = -0*r - f*r + 18. What is the highest common factor of 72 and r?
9
Suppose t = 3*t - 18. Calculate the greatest common divisor of 15 and t.
3
Let q(f) = -9*f**2 + 5*f + 3. Let s be q(4). Let l = s + 261. Calculate the highest common factor of 28 and l.
28
Let j be 1/(((-2)/(-1))/18). Suppose -12*p - 41 + 77 = 0. What is the greatest common divisor of p and j?
3
Let a(h) = -h**3 + 18*h**2 + 18*h + 20. Let x be a(19). Calculate the greatest common divisor of 5 and x.
1
Let w = -113 + 153. Calculate the greatest common divisor of 8 and w.
8
Let u = -57 - -40. Let p = -16 - u. What is the highest common divisor of 9 and p?
1
Let d be (60/(-18))/((-4)/6). Calculate the greatest common factor of 5 and d.
5
Suppose -5*h - 335 + 100 = -5*r, -r - 5*h + 65 = 0. Suppose -4*d - a + r = -297, 337 = 4*d + 3*a. What is the highest common factor of d and 22?
22
Let o = 17 + -8. What is the highest common divisor of 9 and o?
9
Let l = 3 - 2. Suppose 4*f - 37 - 7 = 0. Let j = 15 - f. What is the greatest common factor of l and j?
1
Let s(w) = -7 + 3 + 5 + 10*w. Let c be s(1). Calculate the greatest common factor of c and 55.
11
Let q(p) = p**2 - 9*p - 12. Let f(k) = k**2 + k - 1. Let s(x) = -2*f(x) + q(x). Let m be s(-9). What is the greatest common divisor of m and 72?
8
Let g(f) be the first derivative of 9*f**2/2 - 8*f + 2. Let x be g(7). Calculate the high